o). Let t be (-2 - h) + 2*2. Let c(k) = -2*k + 2. Calculate c(t).
-4
Let n(i) = 3*i + 4*i**2 - 1 + 3*i**3 - 2*i**3 + 1. What is n(-2)?
2
Suppose 8 = w - 0. Suppose 2*o = 4*o + w. Let r(z) be the third derivative of -z**6/120 - z**5/20 + z**4/6 - z**3/6 + 40*z**2 - z. Determine r(o).
-1
Let g(q) = 6*q**3 - 6*q**2 - 8*q - 2. Let f(s) = -s**3 + s**2 + s + 1. Let r = 11 - 10. Let d(x) = r*g(x) + 5*f(x). What is d(2)?
1
Let q(x) be the third derivative of x**7/2520 + x**6/180 + x**5/40 - x**4/8 - 4*x**2. Let z(k) be the second derivative of q(k). Give z(-2).
-1
Let f(x) = 4*x**3 + 9*x**3 + 2*x**2 + 1 - 12*x**3 - 2*x. Suppose -6*v + 4 = -2*v. Calculate f(v).
2
Let r(l) = l**2 - 1. Let u(m) = -5*m**2 + 6*m + 5. Let y(i) = 6*r(i) + u(i). Determine y(-6).
-1
Let r(s) = 3*s**3 - 3*s**2 + 4*s - 3. Let c(t) = -t**3 - t**2 - t + 1. Let b(a) = -c(a) - r(a). What is b(2)?
-4
Let a(o) be the first derivative of -5*o**4/2 + o + 1. Let b be (15/30)/((-6)/4 + 1). Give a(b).
11
Let q(o) be the first derivative of 1/8*o**4 + 3 + 0*o - 1/30*o**5 + 1/360*o**6 + 2/3*o**3 + 0*o**2. Let p(j) be the third derivative of q(j). Determine p(3).
0
Let z(y) be the third derivative of -y**5/30 + y**4/12 - y**3/6 + y**2. Determine z(3).
-13
Let m(t) = 5 + t**2 + 5*t + 2*t + 0*t - 1. Determine m(-3).
-8
Let g(v) = v**2 - 8*v + 7. Let k be g(7). Let r(x) = -x**2 - 6. Determine r(k).
-6
Let t(q) be the third derivative of -q**7/2520 - q**6/144 - q**5/60 - q**4/3 + 3*q**2. Let f(h) be the second derivative of t(h). Determine f(-6).
-8
Let l(o) be the third derivative of -o**6/120 - o**4/24 + o**3/3 - 29*o**2. Determine l(0).
2
Let v(w) = -w**3 + 3*w**2 + 3*w. Suppose 3*q - 5 - 67 = 0. Suppose q - 4 = 5*b. Determine v(b).
-4
Let g(t) = -2*t - 5. Let j(n) = n + 2. Let q(b) = -2*g(b) - 5*j(b). Calculate q(1).
-1
Let d(u) = -5 - 11 + 14 + u. Let k = -10 - -7. Determine d(k).
-5
Let s(x) = -2*x + 3. Let m be (-6)/27 + 43/(-9). Let o(n) be the third derivative of n**6/120 + n**5/10 + n**4/8 - n**3 + 9*n**2. Let u be o(m). Determine s(u).
-5
Let c(x) = 11*x**2 - 4*x**2 - 3*x + 2 - 6*x**2 - 2*x. Determine c(7).
16
Let w(a) = a - a**2 + 0*a + 4 + a. Let t(c) = c**2 - 3*c - 5. Let s(v) = -5*t(v) - 6*w(v). Let l = -2 + 0. Calculate s(l).
-1
Let s(b) be the first derivative of b**4/4 + b**3/3 - b - 19. What is s(-2)?
-5
Let m(b) = -b + 1. Let t(c) = 1. Let p(n) = m(n) - 2*t(n). Let w be (0 - -1)*21/(-7). Calculate p(w).
2
Suppose 0*b - 2*f = -b + 6, -3*b - 4*f - 2 = 0. Let c(s) = 2 + 5*s**2 - 6*s**b + 3 + s - 1. What is c(4)?
-8
Let j(p) = 6*p**2 - 7*p**2 - 5*p + p**3 + 3*p + 3 + 3*p**2. Give j(2).
15
Let p(d) = 2*d**2 + 2*d - 2. Let h be 4/(-14) + (-19)/7. What is p(h)?
10
Suppose 25 = -5*d, -2 = v - 2*d - 15. Suppose 6*t + 3*u = v*t - 3, -5*t + 45 = -5*u. Let l(i) = 4 + i - 2 - 4 + t. Calculate l(-3).
-1
Let n(t) = -t + 1. Let g = -8 - -7. What is n(g)?
2
Suppose p - 24 = -3*p. Let q(s) = -s**2 + s + 12. Let x(z) = z**2 - 11. Let d(j) = p*x(j) + 5*q(j). Give d(-6).
0
Let f(h) = 7*h**3 - h**2 + 7*h + 10. Let g(p) = p - 5. Let r be g(11). Let t(z) = -6*z**3 + z**2 - 6*z - 10. Let d(o) = r*t(o) + 5*f(o). Give d(0).
-10
Let g(c) = -c**2 - 3*c + 4*c - c**3 + 0*c**2. Suppose 20 = 4*i - 0*i. Suppose i*v - 4*j = -9*j - 15, 0 = 5*v + 4*j + 11. What is g(v)?
-1
Let u(m) = -13 + 27 - 15 + m**2 - m. What is u(2)?
1
Let d(s) be the third derivative of s**4/24 + s**3/3 + 2*s**2. Suppose 5*w = -3*w - 32. Determine d(w).
-2
Let z(o) = o**2 - 6*o + 3. Suppose k - 15 = -3*y - 3, 3*k = 4*y - 16. Suppose 4*p - 2*f - 32 = 0, y*f = -3*p + 11 + 2. Determine z(p).
10
Let q(u) = -u - 1. Let c(d) = 3*d + 3. Let z(i) = 6*c(i) + 17*q(i). Let a(s) = s - 5. Let p(m) = -a(m) + 2*z(m). Give p(-6).
1
Let h = 31 + -18. Let b(o) = -4*o - 3 + h*o + 1 - 7*o. Calculate b(5).
8
Let i = 6 - 8. Let h(t) = 1 - 61*t**2 + 31*t**2 + 27*t**2 - t. Give h(i).
-9
Let g(s) = 2*s**2 - 22*s + 7. Let t(m) = m**2 - 11*m + 3. Let i(f) = 3*g(f) - 5*t(f). Determine i(5).
-24
Let n(c) = c**3 - 5*c**2 - 6*c - 1. Let w(f) be the first derivative of -f**4/4 + 8*f**3/3 + f**2/2 - 2*f - 1. Let i be w(8). What is n(i)?
-1
Let a(f) = -f**2 + 4. Let c(z) = z**2 + 1. Let o(w) = a(w) - 5*c(w). Determine o(1).
-7
Let y = -7 - -9. Let k(z) = -4*z + 4 + 2*z - y. Give k(2).
-2
Let a = 1 + -2. Let j(c) be the first derivative of 0*c**3 + 1 + 1/4*c**4 - 1/2*c**2 - c. What is j(a)?
-1
Let z(h) be the second derivative of -h**7/504 + h**6/360 - h**5/120 - h**4/12 - h. Let w(x) be the third derivative of z(x). Determine w(1).
-4
Let b(y) = y**2 + 4*y + 4. Let a(m) = -m**3 + 6*m**2 - m + 2. Let s be a(5). Suppose 2*p - 4*r = -28, s = 5*r - 3. Determine b(p).
4
Let x(f) be the third derivative of -2*f**2 + 0 + 0*f - 1/12*f**4 + 1/60*f**5 - 7/6*f**3. Give x(5).
8
Suppose 32 = 4*c - 0*c. Let s = c + -5. Let o(i) = 2*i**2 - 5*i - 1. Let y(l) = -l + 1. Let k(u) = -o(u) + 3*y(u). Determine k(s).
-8
Let t(g) = -2*g + 4. Let k be 2/(-4)*(-5 - 5). Calculate t(k).
-6
Let p(b) = 8 + 7 - 23 + 7 + b**2 + 4*b. What is p(-3)?
-4
Suppose -2*l + 112 = 4*z, -3*l + 137 = 5*z + l. Let p(o) = 28*o - 7 - o**3 - 56*o + 6*o**2 + z*o. Calculate p(6).
-1
Let y(r) be the second derivative of r**3/6 - r**2/2 - 4*r. Let i be 0 - (0/2 - -1). Give y(i).
-2
Let h(s) = 0*s**2 - 14*s**2 + 0 + 0 + s. Let x = 20 + -19. What is h(x)?
-13
Let o(z) be the second derivative of z**3/6 - z**2 - 15*z. Determine o(4).
2
Let s(w) = 15*w**2 - w - 2. Let o(h) = 31*h**2 - 2*h - 3. Let x(z) = -3*o(z) + 5*s(z). Determine x(1).
-18
Let z = 23 - 13. Let p be (4/5)/(4/z). Let s(q) = -3 - 8*q + 2*q**2 - 5*q**2 + p*q**2. What is s(-5)?
12
Let y(p) be the first derivative of -p**2 + p - 65. Calculate y(6).
-11
Let d(u) = 4*u**2 + 0*u**3 + 2*u**3 - u**3 + u. Let y = 16 + -34. Let x = y + 16. Calculate d(x).
6
Let y(w) = 14*w + 44. Let l be (12/(-10))/((-3)/(-15)). Let i(b) = -4*b - 3*b + 2*b - 15. Let r(n) = l*y(n) - 17*i(n). Determine r(4).
-5
Let r = 8 + -6. Let h(q) = -2*q - 5. Let s(n) = 5*n + 11. Suppose -9 + 1 = -4*j, 3*y - 13 = 4*j. Let l(v) = y*h(v) + 3*s(v). Calculate l(r).
0
Let z(i) = -5*i**2 + 3*i**2 - 4*i + 3*i**2 + 6 - i. Determine z(4).
2
Let t = -5 + 3. Let v = -10 - -13. Let d(j) = -v*j + 4*j + 2*j. Determine d(t).
-6
Let i(q) = 4*q**3 + 2*q - 3. Let c(u) = -7*u**3 - 5*u + 7. Let b(s) = 3*c(s) + 7*i(s). Calculate b(-1).
-6
Let u(k) = -k**2 - 6*k + 6. Let i(c) = -2*c**2 - 3*c. Let w be i(-2). Let t be (70/(-21))/(w/(-3)). Determine u(t).
11
Let f(b) be the first derivative of -5*b**2/2 + b + 55. Suppose -2*z + 2*v - 2 = -0*z, 0 = -2*z + 4*v - 10. Determine f(z).
-14
Suppose 0 = -4*b + b + 4*z + 15, 5*b - 2*z = 11. Let v(o) = -o**2. Let d(w) = -4*w**2 + 2*w - 1. Let l(n) = -d(n) - 2*v(n). Determine l(b).
5
Let o(f) = 7*f**3 - 10*f**2 - 13*f + 13. Let v(g) = -g - 15. Let w be v(-9). Let z(h) = 6*h**3 - 9*h**2 - 12*h + 12. Let x(i) = w*z(i) + 5*o(i). Give x(5).
3
Suppose 3*x - 2 - 10 = 0. Let k = 0 - -2. Let r(f) = -2 - k + f**3 + x*f - f + 5*f**2. What is r(-4)?
0
Let c(k) = k**3 + 10*k**2 + 9*k - 4. Let q be c(-9). Let z(h) = h**3 + 2*h**2 - 4*h + 1. Calculate z(q).
-15
Let h(u) be the second derivative of u**5/40 - 7*u**4/24 + u**3 - 3*u. Let i(f) be the second derivative of h(f). What is i(6)?
11
Let c(j) = j - 5. Let n be c(7). Suppose 5*v + 0*v - 3*u - 8 = 0, -3*v + n*u + 4 = 0. Let b(z) = z**3 - 5*z**2 + 4*z + 5. Give b(v).
5
Let u(k) be the third derivative of k**4/24 - k**3/6 + 30*k**2. Calculate u(1).
0
Suppose 3*i = p - 2*p + 13, -8 = -2*p. Let d(w) = i*w**3 - w + 0*w**3 + 2*w. Suppose 3*m - 5 + 2 = 0. What is d(m)?
4
Let p(h) = h**2 - h + 7*h + 0*h - 3*h. Calculate p(-5).
10
Let d(n) = -n**2 + 6*n + 6. Let a be d(6). Let b(r) = 4 + a*r**3 - 4 - r. Let j(o) = -o**3 - 11*o**2 - 9*o + 9. Let t be j(-10). Give b(t).
-5
Suppose -4*u + 30 = -5*u. Let p be (u/9)/(4/(-6)). Suppose 0*n = -m + 3*n + 12, -4*m - p*n - 20 = 0. Let h(a) = a**3 + a - 6. What is h(m)?
-6
Let b(p) = 6*p**2 - 16*p + 3. Let h(g) = 7*g**2 - 17*g + 4. Let n(o) = -6*b(o) + 5*h(o). Determine n(10).
12
Let j be (3 - (1 - 2))/1. Let q = 2 - 0. Let y(p) = -2*p - 5 + 0 + p**3 - 2*p**2 - p**q. What is y(j)?
3
Suppose -r - 2*r + 9 = 0. Let k(w) = 2*w**2 + 0 - 6*w**3 + 1 + 5*w**r. Determine k(2).
1
Suppose 0 = -2*z - 0 + 4. Let p be (-26)/8